 is 102a4a8 + -6?
102a4a2
In base 7, what is -211665 - -3526?
-205136
In base 11, what is 14374 + -17448?
-3084
In base 9, what is 4 - 7608722?
-7608717
In base 4, what is -1 - -221001001001?
221001001000
In base 6, what is 14 + -11353503331?
-11353503313
In base 7, what is -10655 + 616065?
605110
In base 3, what is 12 + 1202112122011201?
1202112122011220
In base 3, what is 201010001202 - 101212?
201002122220
In base 14, what is -34118 + -b22?
-34c3a
In base 5, what is 21311401001 + -4?
21311400442
In base 5, what is 100233 - 1232?
44001
In base 6, what is -43235 + -230421?
-314100
In base 3, what is 2 + 10101200020002?
10101200020011
In base 6, what is -11405531 + -3?
-11405534
In base 9, what is -10545648 - 2?
-10545651
In base 8, what is 137 + -3057531?
-3057372
In base 8, what is -323 + -15055?
-15400
In base 4, what is 2303 + 23211332?
23220301
In base 2, what is -110 + -100111001100100100011?
-100111001100100101001
In base 3, what is 1002121120 + 101102221?
1111001111
In base 5, what is -313010020311 - 10?
-313010020321
In base 6, what is 244 + 54443241?
54443525
In base 7, what is 33 + -16262044?
-16262011
In base 15, what is 5 + 593de65?
593de6a
In base 6, what is -45 - 3123311?
-3123400
In base 4, what is 20101303011 + -12?
20101302333
In base 4, what is -121121011 - 1102?
-121122113
In base 9, what is 5 + 3136508?
3136514
In base 5, what is 131403342301 - -10?
131403342311
In base 7, what is 11001 - 1650146?
-1636145
In base 10, what is 127817 - 6650?
121167
In base 14, what is -1b8c - -640?
-154c
In base 6, what is 340335512 - -311?
340340223
In base 7, what is 56040 - -406?
56446
In base 5, what is 2104 + 2220141?
2222300
In base 6, what is 341200323400 - -3?
341200323403
In base 14, what is 998 - 3047?
-248d
In base 14, what is 28a3a + 4bb?
29117
In base 6, what is 1 - -115542225?
115542230
In base 8, what is -3135 - 570134?
-573271
In base 10, what is 10037187 + -5?
10037182
In base 5, what is -2 - 234221112?
-234221114
In base 8, what is -2 - -1701720010?
1701720006
In base 16, what is 377b + -570?
320b
In base 2, what is 101 - 11110010000010101111010?
-11110010000010101110101
In base 13, what is -323684b6 - -1?
-323684b5
In base 2, what is 100000010001010 - 11011110111001?
100011010001
In base 9, what is -3661438 - -21?
-3661417
In base 3, what is 10112101 + -2200200122?
-2120011021
In base 9, what is 340 + -112612?
-112262
In base 13, what is -26110 - ac?
-261bc
In base 9, what is 2411 - 1184?
1216
In base 10, what is -44648 - 152?
-44800
In base 3, what is 10220202121202 - -12?
10220202121221
In base 12, what is -29 + -12a1b2?
-12a21b
In base 6, what is -431 - 1202021?
-1202452
In base 12, what is -850303a1 - 1?
-850303a2
In base 10, what is 2 - 224007661?
-224007659
In base 4, what is 2 - 102230123212?
-102230123210
In base 3, what is 1 + -101111021100022?
-101111021100021
In base 15, what is -267 + 185de2?
185b7a
In base 10, what is -2110036 + 4?
-2110032
In base 13, what is -66574b + 0?
-66574b
In base 11, what is -2 + 33089915?
33089913
In base 10, what is -2672619320 + -2?
-2672619322
In base 6, what is 32 + 1525004203?
1525004235
In base 15, what is -1385397 - -8?
-138538e
In base 16, what is ab + 5bd34?
5bddf
In base 8, what is 605600 - -33?
605633
In base 8, what is 65 + 220027?
220114
In base 6, what is -11 + -10503242355?
-10503242410
In base 12, what is 328 - -8?
334
In base 2, what is -11111001000110101 + 1010101?
-11111000111100000
In base 12, what is 1190 - 56b?
821
In base 9, what is -12670 + 207?
-12462
In base 4, what is -11 + 2020301333023?
2020301333012
In base 16, what is 5567 + -469?
50fe
In base 11, what is 296 + -1374a31?
-1374746
In base 5, what is -3 + 304344342014?
304344342011
In base 12, what is -a4686 - -193a?
-a2948
In base 15, what is -41 + 103d8?
10397
In base 16, what is -29 + f00b9b?
f00b72
In base 5, what is 1102 - 413330344?
-413324242
In base 16, what is 4fc - 80d?
-311
In base 10, what is -83 + 197413?
197330
In base 11, what is -61 - -1368946?
1368895
In base 15, what is 94 + -ac2a7?
-ac213
In base 8, what is 21422 - 346?
21054
In base 15, what is -3d63 + -479?
-42dc
In base 10, what is 867833 + 18?
867851
In base 7, what is 2 + 20454030?
20454032
In base 9, what is -45321 - -643?
-44567
In base 13, what is c - 4804097?
-4804088
In base 11, what is 97 - -24887a?
248966
In base 15, what is -855b + 3623?
-4e38
In base 12, what is 3 + 575419?
575420
In base 14, what is -c028 - -ca?
-bd3c
In base 11, what is -4 - -18136323?
1813631a
In base 6, what is -51552 + 34021?
-13531
In base 12, what is -ab3b25b6 + 4?
-ab3b25b2
In base 5, what is 303004211 + -2240?
303001421
In base 5, what is 13442002242 + 4?
13442002301
In base 10, what is 12 - -14699204?
14699216
In base 5, what is -3003 - 424241030?
-424244033
In base 5, what is -10 + 1103441100202?
1103441100142
In base 15, what is 6 - c883ec?
-c883e6
In base 11, what is -41 + -92547?
-92588
In base 4, what is 221 + -1221233032?
-1221232211
In base 4, what is 231313023 - 13220?
231233203
In base 14, what is -c - -79691a?
79690c
In base 11, what is -27 + 8a39a3?
8a3977
In base 9, what is -4 - -460476140?
460476135
In base 9, what is 3516 + -10460?
-5843
In base 10, what is -21 + -8161275?
-8161296
In base 3, what is 0 - -2200101200020?
2200101200020
In base 9, what is 4 - -368824788?
368824803
In base 16, what is -203 + -298?
-49b
In base 12, what is -21b + 3594?
3375
In base 8, what is -127364 - 6047?
-135433
In base 11, what is 153714536 + -5?
153714531
In base 5, what is 3 - -12101333?
12101341
In base 2, what is -1101111010111 + -1001111111?
-1111001010110
In base 7, what is 4 - 1334636133?
-1334636126
In base 5, what is -11422111 - -144?
-11421412
In base 4, what is -10221221 + 313103?
-3302112
In base 12, what is -4b71 + 2b3?
-487a
In base 7, what is 142 - 456630?
-456455
In base 16, what is 13644a1 + -2?
136449f
In base 9, what is -788868543 - -1?
-788868542
In base 7, what is -511 - 506145?
-506656
In base 16, what is 3c026 + 40a?
3c430
In base 14, what is 5515d + 1?
55160
In base 4, what is 20023 - -2032320102?
2033000131
In base 8, what is 252 - 11221?
-10747
In base 3, what is 11 - -1021012011?
1021012022
In base 5, what is 30 - 40231330432?
-40231330402
In base 12, what is 2204b38 + 4?
2204b40
In base 14, what is 8 + -833632?
-833628
In base 15, what is -5da2 - -147?
-5c5a
In base 4, what is -12032 + 11321011?
11302313
In base 15, what is -812 - -2c3?
-53e
In base 11, what is a2 + -47763?
-47671
In base 10, what is -4685 - -2858?
-1827
In base 2, what is 1011101100111010001101 + -11111?
1011101100111001101110
In base 14, what is 116 - -115b3?
116c9
In base 7, what is 65 - -235661?
236056
In base 15, what is 1c9bb + 19b?
1cb67
In base 2, what is -10001010100110011010 - 1100110?
-10001010101000000000
In base 16, what is 3d7fb + -29?
3d7d2
In base 16, what is 2 + -127b92?
-127b90
In base 6, what is -1341033403 - 3?
-1341033410
In base 12, what is -1943 + 6801?
4a7a
In base 10, what is 22387 - 644?
21743
In base 3, what is 20 + -10212001022111?
-10212001022021
In base 15, what is 172933 + -1?
172932
In base 3, what is -1201111101 - -10001?
-1201101100
In base 3, what is -2001211002 - 101102?
-2002012111
In base 12, what is 2271 + -39946?
-37695
In base 10, what is 0 + -2549125?
-2549125
In base 12, what is 56 - -12342b7?
1234351
In base 8, what is -7375 + 642?
-6533
In base 14, what is -67450 - -15?
-67439
In base 7, what is -1530253341 - -1?
-1530253340
In base 7, what is -13416362163 - 1?
-13416362164
In base 11, what is 23a - -1244a5?
124734
In base 7, what is 13322603 - -132?
13323035
In base 3, what is 2100211211 - 2022101?
2021112110
In base 14, what is 26 + 184498?
1844c0
In base 2, what is -100101000011010000 + -1000010?
-100101000100010010
In base 13, what is 78 - -2bb9b?
2bc46
In base 10, what is 2 + -15076819?
-15076817
In base 4, what is -13201100002 + -10332?
-13201111000
In base 5, what is 4224 - -33423?
43202
In base 12, what is -102125 + 15?
-102110
In base 4, what is 1 - 132100220223?
-132100220222
In base 12, what is -7a32 + -29057?
-34a89
In base 10, what is 40758511 - 11?
40758500
In base 6, what is -10150130353 - -1?
-10150130352
In base 15, what is 93eeb668 - 2?
93eeb666
In base 6, what is -2 - 350030531?
-350030